.
4
Let b(x) = -x + 19. What is the remainder when b(-10) is divided by 44/3 + 2/6?
14
Suppose l + 3*l - 60 = 0. Let o = l + -9. What is the remainder when 17 is divided by o?
5
Suppose 0 = -3*l - 6 + 165. Calculate the remainder when l is divided by 14.
11
Let c(n) = -14*n + 1. Let x(q) = -41*q + 3. Let u(i) = -17*c(i) + 6*x(i). Calculate the remainder when u(-3) is divided by 14.
11
Let f(q) = 2*q + 1. Calculate the remainder when 7 is divided by f(1).
1
Suppose 4*j = -3*t + 28, 5*t + 7*j - 65 = 4*j. Calculate the remainder when 30 is divided by t.
14
Let g(s) = -s**2 - 13*s - 9. Let h be g(-7). What is the remainder when (h/2)/(1/2) is divided by -1*50/(-6) - (-2)/3?
6
Let b be (-6)/(-5)*5/2. Suppose -3*p + 2*p = -3*o + 53, 31 = o + b*p. Calculate the remainder when o is divided by 10.
9
Let v(z) = z + 4. Let o = -1 + 9. Let j be v(o). Suppose 2*n + j = -p + 3*p, 0 = p + n - 14. Calculate the remainder when 19 is divided by p.
9
Suppose 3*u - 114 = -0*u. Suppose 5*y = 5*a - 110, a = -2*y + 10 + 6. Calculate the remainder when u is divided by a.
18
Suppose 3*c + 31 = 8*c + 4*f, 0 = -3*c + 5*f - 11. Suppose -4*t - c*d = 332, t + 102 = 2*d + 2*d. Calculate the remainder when t/(-6) + (-4)/12 is divided by 5.
4
Suppose -1 = r, q + 2*q = -5*r + 85. Let t = q - 18. Suppose -2*m - 3*m + 15 = 0, -2*b = -m - 41. What is the remainder when b is divided by t?
10
Let m be -2 - (-404)/(2/1). Suppose 0 = 3*c + c - 3*h - 146, 5*h = -5*c + m. What is the remainder when c is divided by 13?
12
Let i be 4/(-4)*(-14)/(-2). Let y(l) = -l**2 - 12*l + 5. Let p be y(i). Suppose -q - 4*g = -3 - 49, g = -q + p. Calculate the remainder when q is divided by 19.
17
What is the remainder when 23 is divided by (9/2)/(6/16)?
11
Let h be 3100/18 - 2/9. Suppose 5*z - 15 = 0, -z + h = 5*v - 2*z. What is the remainder when v is divided by ((-8)/10)/((-4)/90)?
17
Let c = -14 + 20. What is the remainder when 10 is divided by c?
4
Let r(f) = 10*f + 2. Let p = 61 - 16. Calculate the remainder when r(2) is divided by p/10*(-16)/(-6).
10
Let h be (2*1)/(-2 + 3). Let s = -29 + 45. Calculate the remainder when h/8 + (-246)/(-8) is divided by s.
15
Suppose -s = -z - 3*z - 26, 3*s - 8 = -2*z. Suppose -s*y + 3*y + 66 = 0. What is the remainder when y is divided by 12?
10
Suppose 36 = -3*o + j, -4*o - 6 = 5*j + 23. Let u = 3 - o. Calculate the remainder when 53 is divided by u.
11
Suppose -2*n - 183 = -2*f - 3*f, -3*n = 4*f - 128. What is the remainder when 173 is divided by f?
33
Calculate the remainder when 33/(-6)*(-2 - 0) is divided by (6/(-9))/((-2)/18).
5
Suppose -10*t + 21*t - 231 = 0. Calculate the remainder when (166/(-4))/(2/(-4)) is divided by t.
20
Let u(s) = -s**3 + 3*s**2 + 2*s - 4. Let z be u(3). Let b(y) = y**2 - 3*y + 6*y + 3 + 0*y**z. What is the remainder when 37 is divided by b(-5)?
11
Suppose 0*u = -3*u + 111. Let y = u - 8. Calculate the remainder when y is divided by 10.
9
Let b(a) = a**3 - 8*a**2 - 10*a + 12. Let f be b(9). Let c(l) = 5*l**2 + 3*l - 1. What is the remainder when c(f) is divided by 28?
25
Calculate the remainder when 2 + 82 - 1/((-5)/(-5)) is divided by 21.
20
Let p(q) = q**3 + 5*q**2 + q - 3. Let c be (0 - 1)*(3 + 1). What is the remainder when 26 is divided by p(c)?
8
Let o = 37 - 25. Let g be (4 - 5)/((-3)/30). Calculate the remainder when o is divided by 370/50 + (-4)/g.
5
Let r(y) = y**2 - 6*y + 10. What is the remainder when r(8) is divided by 15?
11
Let k be (5 + -5)/(-1 + -1). Suppose -63 = 3*d - k*d. What is the remainder when 26 is divided by (4/3)/((-2)/d)?
12
Let t = -21 + 21. Suppose v + 75 = 6*v. Let r = v + t. What is the remainder when r is divided by 4?
3
Let c = -10 + 40. Suppose -2*n + c = 3*n. What is the remainder when n is divided by 4?
2
Calculate the remainder when 6 is divided by 88/14 + 7/((-49)/2).
0
Let i(r) = r**2 - r + 1. What is the remainder when 49 is divided by i(4)?
10
Let n(d) = -d**2 - 12*d + 2. Suppose 21 = 3*g - 3. What is the remainder when n(-9) is divided by g?
5
Suppose -3*i - 36 = -5*p, -2*i + 4*p - 40 = 2*i. Let v(k) = 2*k - 2. Let w be v(i). Let c = w + 27. What is the remainder when 31 is divided by c?
9
Let q be 1/2 + 90/20. Let d = q + 2. What is the remainder when d is divided by 5?
2
Let i be (-1)/(0 + (-1)/(-9)). Let j = 31 + i. Suppose 3*b - 4*x = 40, 2*x = -5*b + 2*b + 34. What is the remainder when j is divided by b?
10
Suppose -69 + 55 = -g. Calculate the remainder when 67 is divided by g.
11
Let m be -2 - (2 + -1*2). Let n = m + 2. Suppose -3*z + o + 51 = -2*o, n = 3*z - 4*o - 54. Calculate the remainder when z is divided by 5.
4
Let p = -6 + 11. Let w = 38 + -20. Calculate the remainder when w is divided by p.
3
Suppose 4*o - 7*o = -381. Calculate the remainder when o is divided by 26.
23
Suppose -67 = -d - 5*i, 0 = -0*i - 5*i + 25. Calculate the remainder when d is divided by (3/2 + -2)*(-4 + -18).
9
What is the remainder when (-2064)/(-45) - (-2)/15 - -2 is divided by 2/(-9) - (-184)/18?
8
Let p = -6 + 14. Let i(q) = -q**2 + 11*q + 13. Calculate the remainder when i(10) is divided by p.
7
Let v be 3/((-699)/354 - -2). Suppose 4*b - 3 = -5*t - 143, -4*t - 2*b = v. Let g = t + 63. What is the remainder when g is divided by 11?
9
Let x = 8 + -6. Suppose -3*n = -4*o - x, -n - 8 = -0*o + 3*o. Let z(h) = -4*h**3 - 2*h**2 - 1. What is the remainder when z(o) is divided by 8?
7
Let w = 1864 - 1141. Suppose 135 - w = -4*f. Suppose -5*d = 3*g - f - 11, g = -4*d + 132. What is the remainder when d is divided by 12?
10
Suppose 2*l = -r + 13, 4*r - 3*r = 2*l + 13. What is the remainder when r is divided by 3?
1
Let f(x) = -x**2 - 10*x. Let i be f(-8). Suppose -s = -0*s - 3*d - 24, -s + i = -d. Calculate the remainder when 33 is divided by s.
9
Suppose -3*a = -2*c + 82, -102 = -2*c - a - a. What is the remainder when c is divided by (2*-1)/(-2) + 23?
23
Suppose 4*a - 3*m = 17, 2*a - 5*m - 7 = -4*m. Suppose -5*n + 71 = 4*c - 2*c, 5*c - 110 = n. What is the remainder when c is divided by 18/a + (-6)/(-2)?
11
Let d = 60 - 36. Let j = -4 - -8. What is the remainder when j is divided by (1/(-2))/((-6)/d)?
0
Let b = 76 - 38. Calculate the remainder when 74 is divided by b.
36
Let t(c) = c**2 + c + 2. Let f = 5 - 9. Let g be t(f). Let s = g + 7. What is the remainder when 62 is divided by s?
20
Suppose 3*n = -4*b + 2*b + 15, -n - 46 = -5*b. Suppose 5*r - 12 - 8 = 0. What is the remainder when r is divided by (b/21)/(3/21)?
1
Let n(p) = -2*p**2 + 8 + p + 0*p**3 + p**3 + 8*p**2. Let z be n(-6). Suppose 0 = o + z*o - 36. What is the remainder when 35 is divided by o?
11
Let m(x) = -3 + 0 + 3*x - 1 + 3. Suppose 3*k - 4*y - 8 = k, 2*k + 5*y - 17 = 0. What is the remainder when m(k) is divided by 5?
2
Let t = 4 + -2. Suppose -4*r - t*x + 22 = 0, 4*x = 3*r + x - 3. Suppose -r*l + 23 = -21. Calculate the remainder when l is divided by 4.
3
Suppose 2*g + 21 - 51 = 0. Calculate the remainder when g is divided by 6.
3
Suppose 0 = 2*r - 62 - 44. Suppose -3*c = -4*i + 78, 8*c - 4*c = -4*i + 64. What is the remainder when r is divided by i?
17
Suppose 101 - 26 = 5*x. What is the remainder when (-1)/(-1) + (-2 - -43) is divided by x?
12
Suppose -3*l - 36 = -7*l. What is the remainder when 14 is divided by l?
5
Let b be (-100)/(-24) - (-3)/(-18). Calculate the remainder when 34 is divided by (b/(-8))/(2/(-48)).
10
Let p(b) = b + 1. Let o be p(3). Let k = o - -1. Calculate the remainder when 18 is divided by k.
3
Suppose -2*d + 2*h = -36, 3*d = d - 3*h + 16. What is the remainder when 54 is divided by d?
12
Let t(a) = -a**2 - 12*a - 2. What is the remainder when 44 is divided by t(-11)?
8
Let x(w) = w + 3. Let f be x(0). Suppose 5*n - 2*y - 88 = 0, -f*y + 15 = n - 6*y. Suppose i - 29 = 6. Calculate the remainder when i is divided by n.
17
Suppose b + 21 - 30 = 0. Calculate the remainder when b is divided by 4.
1
Let g be (-6)/(-9) - (-21)/9. Suppose -g = l - 2*l. Suppose l*r = d + 4, 4*r + 5*d - 23 - 14 = 0. What is the remainder when 4 is divided by r?
1
Let b = 4 - -58. What is the remainder when b is divided by 248/12 + 2/6?
20
Let c be -1 - (2 + 6/(-3)). Let u = 13 - c. Calculate the remainder when u is divided by 4.
2
Let h be 1/(4/36*3). Suppose q - 31 = -h*r, q + 2*r = -q + 82. Calculate the remainder when q is div